). Calculate the highest common divisor of o and q.
15
Let q = -11 - -11. Suppose a = -q*a + 39. Suppose -4*u + a + 25 = 0. What is the highest common factor of u and 2?
2
Let g = -16 - -22. Let l = 0 + g. What is the greatest common factor of l and 4?
2
Let j be (-119)/4 - (-1)/(-4). Let r = j + 45. What is the greatest common divisor of r and 45?
15
Suppose 5*i + 3*i - 1584 = 0. Calculate the greatest common factor of i and 22.
22
Let o(q) = q**2 - 6*q - 16. Let l be o(-4). Let y(k) = -k**3 - 4*k**2 - 2*k. Let r = 10 + -14. Let c be y(r). Calculate the greatest common divisor of l and c.
8
Let y(t) = -t**2 - 9*t - 2. Let w be y(-4). Let x = -9 - -18. What is the greatest common divisor of w and x?
9
Let c be 676/14 + 6/(-21). Suppose 0*r - 3*r = -144. Let y = -16 + r. What is the greatest common factor of y and c?
16
Let l be ((1 + -1)/(-3))/(-1). Let p be (-3)/((1 - l)*-1). Suppose 2*r - 32 = -2*u, p*u - 4*r - 18 = 44. What is the highest common divisor of u and 2?
2
Suppose 3*u = -4*c + 12, 2*u + 0*u = 4*c - 12. Let y = 11 - c. Calculate the greatest common factor of y and 8.
8
Let r(t) = -10*t - 2. Let s be r(-7). Let u = s + -47. Let x be (-2 + u/6)*2. What is the greatest common divisor of 24 and x?
3
Suppose -4*x = -8, 0 = 2*z - 2*x + 1 + 1. Let o = -3 + 5. Let p = 0 + o. Calculate the highest common divisor of p and z.
1
Let r be 1 + 3 - (-4 - -1). Let v = 11 - r. Suppose 5*l - 25 = 5*t, v = -l + 5*t - 3. What is the highest common divisor of 20 and l?
4
Let y = -73 + 128. Calculate the highest common factor of 5 and y.
5
Suppose b - 5*b + 12 = 0. Suppose 12 = -s + 3*s. Calculate the greatest common factor of b and s.
3
Let o be (-478)/(-4) - 1/2. Let h = -56 - -73. Calculate the highest common factor of h and o.
17
Suppose -3*p + 56 = p. Let r(l) be the first derivative of l**4/4 + 8*l**3/3 - 3*l**2/2 + 1. Let m be r(-7). Calculate the greatest common divisor of p and m.
14
Suppose -r + 5*r = -z + 412, 5*r - z - 524 = 0. What is the highest common factor of 26 and r?
26
Let k(x) = -x**2 + 9*x - 8. Suppose -4 - 10 = -2*i. Let w be k(i). Calculate the highest common factor of 54 and w.
6
Let f(k) = k**3 + 6*k**2 - 17*k. Let r be f(-8). Suppose -t = 3*t - 16. What is the highest common divisor of t and r?
4
Let y(f) = -f**3 + 5*f**2 + 4*f - 4. Let g be y(5). Let w = -1 + 3. Let v be 3*(w/3 + 2). What is the highest common factor of g and v?
8
Suppose 2*b - q - q - 166 = 0, 3*b - 259 = 5*q. Suppose -i + 3*i = -b. Let a be (-1044)/(-26) - (-6)/i. What is the highest common factor of 100 and a?
20
Suppose -2 + 10 = 4*u. Let a = u + -1. Let i be a + 1 - (-33 - -2). Calculate the highest common factor of i and 3.
3
Suppose d - 4 = 4. Suppose 6*o - 12 = 3*o. What is the highest common factor of d and o?
4
Let j = -79 - -119. What is the highest common divisor of j and 5?
5
Let y be ((-10)/15)/(4/(-6)) - -11. Let k(m) = m**2 - 3*m + 2. Let u be k(3). Let c be -94*(-1)/u + 1. What is the highest common divisor of y and c?
12
Suppose 0*b = b + 2. Let d(a) = -12*a. Let x be d(b). Let i = 5 + 7. Calculate the greatest common factor of i and x.
12
Suppose -2*f + 121 + 311 = 0. Suppose 4*q - 143 = -5*x, -5*q - 100 = -4*x - q. Calculate the greatest common divisor of x and f.
27
Suppose 2*f - 3*o = -2, f - 3*o + 6 = o. Let m be f/4*(-5 + 9). Suppose m*u - 425 = -3*u. Calculate the greatest common factor of 34 and u.
17
Let o = -23 + 21. Let v be 25 + 0/((-4)/o). Calculate the greatest common divisor of 150 and v.
25
Suppose 2*n - 34 = -3*p - 0*n, -n + 66 = 5*p. Let r = 2 - -4. Suppose r - 2 = 2*b + 3*w, 0 = 3*w. What is the highest common divisor of b and p?
2
Suppose -3*z - 4*s = -496, -2*s + 158 = -5*z + 1002. What is the highest common divisor of 24 and z?
24
Let l = 362 - 232. What is the greatest common divisor of l and 52?
26
Let j = 5 - 1. Suppose -d + 35 = j*d + 5*x, -d - 2*x + 3 = 0. Let r = d + -5. What is the highest common divisor of 42 and r?
6
Suppose 13*q = 32*q - 190. Let a be (-8)/(-10)*(-5)/(-2). What is the greatest common factor of a and q?
2
Let z = 60 + -10. Calculate the highest common divisor of 40 and z.
10
Suppose -s + 5*s - 12 = 0. Suppose 2*v - 175 = -109. What is the greatest common factor of s and v?
3
Suppose 0 = 6*y - y + 3*p - 180, y - 4*p - 13 = 0. Suppose -q + 4 + 7 = 0. What is the greatest common factor of y and q?
11
Let j = -28 + 64. Calculate the greatest common factor of j and 12.
12
Let n = 193 - 76. Suppose -3*x + 4*v + 13 + 26 = 0, -4*x - 4*v + 52 = 0. Calculate the greatest common factor of n and x.
13
Let v be (8 + -2)/((-6)/(-4)). Suppose -v*q + 9*q - 2*b = 160, 4*q - 2*b - 130 = 0. Calculate the highest common divisor of 6 and q.
6
Let q = -24 - -13. Let a = -9 - q. Calculate the greatest common divisor of a and 4.
2
Suppose -5*o - 5*k = -o - 86, 0 = 3*o + 5*k - 62. Let t(m) = 5*m + 13. Let b be t(-3). Let h = b + o. What is the highest common factor of 66 and h?
22
Let d(p) = -p**3 - 6*p**2 - 2*p - 5. Let v be d(-6). Let n(a) = 6*a + 1. Let z be n(1). What is the greatest common divisor of z and v?
7
Let b be (21/4)/((-4)/(-16)). Suppose b = -5*n - 9. Let h be (-28 + 1)*2/n. Calculate the highest common factor of 9 and h.
9
Suppose 0 = -3*m + 80 + 25. Let y(w) = w**2 - 4*w - 7. Let a be y(6). What is the greatest common factor of m and a?
5
Let k = 113 - 41. Suppose -h + 393 = -k. Suppose -2*u = -3*n - 2*n - 205, -4*u - n + h = 0. What is the highest common factor of u and 23?
23
Let c(z) = z**3 - z**2 + 60. Let g be c(0). What is the highest common divisor of g and 15?
15
Suppose 6*t - 5*t = m - 8, -5*m + 3*t = -36. Let h = 6 + -4. Suppose -h = -k + 4. Calculate the highest common factor of m and k.
6
Let h(g) = g**3 + 11*g**2 + 10*g + 3. Let f be h(-10). Suppose 0*n = f*n - 4*y + 3, -9 = -3*y. What is the greatest common divisor of 3 and n?
3
Let w = -132 + 90. Let y be (0 + -2)/(4/w). What is the highest common divisor of y and 3?
3
Suppose -12 = -4*x + 12. What is the greatest common divisor of x and 18?
6
Let w(d) = 3*d**3 - d**2 + 1. Let c be w(1). Suppose 0 = 3*v - 3 - 3. What is the highest common divisor of c and v?
1
Suppose -4*z = -2*d - 448, 3*z - 4*d - 533 = -187. Let a be -55*(-2 + (-8)/(-5)). What is the highest common factor of z and a?
22
Let r = 135 - 31. What is the greatest common factor of r and 13?
13
Suppose -5*b = f - 0*f - 14, 8 = 4*b. Suppose -2*v - 3*c - 1 = -f, v + 5*c + 9 = 0. Calculate the highest common divisor of v and 12.
6
Let r(t) = -t**3 + 5*t**2 + 7*t. Let w be r(5). What is the highest common divisor of w and 14?
7
Let u(z) = 3*z**2 - 4*z + 2. Let r = 3 - 0. Suppose 2*p = -r*p + 10. Let w be u(p). Calculate the highest common divisor of 4 and w.
2
Let p = -116 + 353. Let u be (-1)/6 + p/18. Calculate the greatest common factor of u and 13.
13
Suppose 192 = x + 3*x. Calculate the greatest common factor of 16 and x.
16
Suppose -4*s + 1 + 9 = 3*f, -2*f + 4 = 0. What is the highest common factor of 5 and s?
1
Let p be 5/20 - (-1030)/8. Let b = p + 51. What is the greatest common factor of 20 and b?
20
Suppose -2*k + 3*w + 6 + 9 = 0, 3*k - 3*w = 30. Calculate the greatest common factor of k and 75.
15
Let g be 7*5 - (-4 + 4). What is the highest common divisor of g and 14?
7
Suppose 5*z - 2*j = 64, -76 = -5*z - 4*j - 24. Let g(x) = -2*x + 1. Let a be g(-1). What is the highest common factor of z and a?
3
Let u be (2/3)/(2/192). Suppose 0 = -3*r + 2*c + 5 + 2, -4*r + 6 = -c. Let k be r/(-2)*(-18 - -2). What is the greatest common divisor of k and u?
8
Let j = -162 + 182. Calculate the highest common divisor of 220 and j.
20
Let t(d) = -d**3 + 6*d**2 - 6*d. Let z be t(4). Let b = 55 + -39. Suppose -4*r + 6*r = b. What is the greatest common factor of r and z?
8
Let j be (-2)/(-5) + 42/(-5). Let a(z) = -3*z - 12. Let v be a(j). Let n(x) = 3*x**2 - x + 4. Let w be n(-5). What is the highest common factor of w and v?
12
Suppose -3*u + 35 = u + w, w + 19 = 2*u. Let l = 98 - 35. Calculate the greatest common divisor of l and u.
9
Let d(h) = -h**3 - 8*h**2 + 4. Let b be d(-8). Suppose 132 = 4*f + b*y, f = -4*y - 13 + 37. Calculate the greatest common divisor of f and 24.
12
Let w(k) = 3*k + 8 - k - 3*k. Let m be w(5). Let b(n) = -7*n - 9. Let y be b(-6). Calculate the high